790667?
9
What is the hundred thousands digit of 125706044?
7
What is the ten thousands digit of 29436995?
3
What is the millions digit of 232684586?
2
What is the hundred millions digit of 451636328?
4
What is the tens digit of 165412666?
6
What is the ten millions digit of 77633548?
7
What is the hundred millions digit of 177300761?
1
What is the tens digit of 32504777?
7
What is the hundred thousands digit of 608232365?
2
What is the thousands digit of 12935446?
5
What is the thousands digit of 70839154?
9
What is the millions digit of 31047973?
1
What is the hundred millions digit of 5197074471?
1
What is the ten millions digit of 71534582?
7
What is the hundred thousands digit of 77611182?
6
What is the hundreds digit of 527869784?
7
What is the hundred millions digit of 374187321?
3
What is the millions digit of 1385324542?
5
What is the ten millions digit of 781197288?
8
What is the millions digit of 961658220?
1
What is the tens digit of 759024762?
6
What is the tens digit of 1940733350?
5
What is the hundred millions digit of 862463771?
8
What is the tens digit of 100758365?
6
What is the tens digit of 263134629?
2
What is the millions digit of 34497911?
4
What is the ten thousands digit of 10489088?
8
What is the thousands digit of 1985238479?
8
What is the hundred thousands digit of 1295207975?
2
What is the ten millions digit of 84736705?
8
What is the hundred thousands digit of 143709759?
7
What is the hundreds digit of 391330634?
6
What is the billions digit of 1270168503?
1
What is the thousands digit of 733542788?
2
What is the ten millions digit of 11679576?
1
What is the tens digit of 83603239?
3
What is the tens digit of 14724176?
7
What is the tens digit of 46366554?
5
What is the ten millions digit of 520108855?
2
What is the tens digit of 1831667137?
3
What is the units digit of 317554575?
5
What is the hundred millions digit of 3914875537?
9
What is the hundred thousands digit of 40230883?
2
What is the hundred thousands digit of 59620220?
6
What is the hundreds digit of 2280457822?
8
What is the tens digit of 632794088?
8
What is the thousands digit of 64126145?
6
What is the hundred thousands digit of 118700461?
7
What is the millions digit of 31777037?
1
What is the hundred millions digit of 549036890?
5
What is the ten thousands digit of 98304997?
0
What is the ten thousands digit of 213142510?
4
What is the millions digit of 2307375091?
7
What is the hundred thousands digit of 9208565?
2
What is the tens digit of 989212631?
3
What is the ten millions digit of 107757727?
0
What is the thousands digit of 1086603669?
3
What is the hundred millions digit of 8009101910?
0
What is the millions digit of 64895923?
4
What is the ten thousands digit of 122778693?
7
What is the hundred millions digit of 1985496012?
9
What is the ten millions digit of 327978805?
2
What is the units digit of 36763375?
5
What is the thousands digit of 184795725?
5
What is the thousands digit of 1988112752?
2
What is the ten thousands digit of 26541621?
4
What is the units digit of 200559533?
3
What is the hundreds digit of 27390327?
3
What is the units digit of 545295352?
2
What is the millions digit of 1656198477?
6
What is the units digit of 316162170?
0
What is the thousands digit of 5398727756?
7
What is the tens digit of 7675059?
5
What is the tens digit of 524350927?
2
What is the ten thousands digit of 384334083?
3
What is the ten thousands digit of 121754147?
5
What is the hundred thousands digit of 42099035?
0
What is the tens digit of 1649935666?
6
What is the millions digit of 50068007?
0
What is the millions digit of 592903610?
2
What is the ten millions digit of 343845479?
4
What is the billions digit of 1812727554?
1
What is the hundred millions digit of 942303145?
9
What is the ten thousands digit of 1518112432?
1
What is the units digit of 106082694?
4
What is the units digit of 56348?
8
What is the hundred millions digit of 445305602?
4
What is the thousands digit of 71858448?
8
What is the hundreds digit of 14870296?
2
What is the ten millions digit of 29470638?
2
What is the ten thousands digit of 269700918?
0
What is the units digit of 65228129?
9
What is the hundred thousands digit of 458853866?
8
What is the tens digit of 250352304?
0
What is the millions digit of 4575653539?
5
What is the ten thousands digit of 4102647246?
4
What is the millions digit of 238819779?
8
What is the units digit of 5284995?
5
What is the units digit of 649074450?
0
What is the tens digit of 497984190?
9
What is the units digit of 3788669600?
0
What is the tens digit of 56769288?
8
What is the tens digit of 1764856763?
6
What is the thousands digit of 1371323965?
3
What is the tens digit of 86917688?
8
What is the ten millions digit of 395714690?
9
What is the millions digit of 419271948?
9
What is the ten thousands digit of 2776604213?
0
What is the ten millions digit of 120430379?
2
What is the hundreds digit of 162428120?
1
What is the tens digit of 6116344915?
1
What is the units digit of 301874969?
9
What is the thousands digit of 992279992?
9
What is the thousands digit of 84086122?
6
What is the units digit of 3351961666?
6
What is the hundreds digit of 122147658?
6
What is the units digit of 32879319?
9
What is the hundred millions digit of 1002028159?
0
What is the hundred millions digit of 5285478485?
2
What is the thousands digit of 69694376?
4
What is the hundred thousands digit of 6388976451?
9
What is the hundred millions digit of 145357347?
1
What is the hundreds digit of 106535141?
1
What is the hundred thousands digit of 91665872?
6
What is the tens digit of 21081844?
4
What is the hundreds digit of 246697395?
3
What is the tens digit of 24446891?
9
What is the thousands digit of 417794982?
4
What is the ten millions digit of 25048818?
2
What is the hundred thousands digit of 80836573?
8
What is the billions digit of 3545673496?
3
What is the hundreds digit of 22028191?
1
What is the tens digit of 21531437?
3
What is the tens digit of 5186282265?
6
What is the ten millions digit of 81426904?
8
What is the units digit of 31378181?
1
What is the ten millions digit of 66469563?
6
What is the ten millions digit of 82307873?
8
What is the millions digit of 473194762?
3
What is the hundred thousands digit of 678788607?
7
What is the hundred millions digit of 2400318439?
4
What is the tens digit of 120146970?
7
What is the units digit of 2042947235?
5
What is the hundred thousands digit of 680287?
6
What is the thousands digit of 2783576?
3
What is the ten thousands digit of 32559444?
5
What is the hundred millions digit of 915087691?
9
What is the units digit of 44439905?
5
What is the hundred thousands digit of 20439433?
4
What is the hundreds digit of 222709002?
0
What is the thousands digit of 39863124?
3
What is the millions digit of 160478968?
0
What is the millions digit of 101512677?
1
What is the ten millions digit of 165874731?
6
What is the tens digit of 2142928096?
9
What is the ten millions digit of 34612336?
3
What is the ten thousands digit of 1549995306?
9
What is the units digit of 320780033?
3
What is the ten thousands digit of 746403121?
0
What is the ten millions digit of 862732454?
6
What is the ten thousands digit of 283385027?
8
What is the hundreds digit of 2119737986?
9
What is the millions digit of 135014082?
5
What is the thousands digit of 8220885837?
5
What is the ten thousands digit of 589513407?
1
What is the hundreds digit of 39830391?
3
What is the hundreds digit of 23080277?
2
What is the hundred thousands digit of 101695858?
6
What is the billions digit of 4874352900?
4
What is the hundreds digit of 339051071?
0
What is the units digit of 75036457?
7
What is the hundred thousands digit of 56749298?
7
What is the hundred millions digit of 1249043624?
2
What is the tens digit of 90458717?
1
What is the ten millions digit of 58628878?
5
What is the tens digit of 556033312?
1
What is the hundred millions digit of 274498688?
2
What is the ten millions digit of 66684518?
6
What is the thousands digit of 291171225?
1
What is the thousands digit of 87687614?
7
What is the tens digit of 30294498?
9
What is the thousands digit of 9950833?
0
What is the ten thousands digit of 87801496?
0
What is the units di